32*i. Calculate a(17).
34
Let w(g) = 30*g - 608. Determine w(20).
-8
Let o(n) = 3*n**2 + 50*n - 2. Give o(-15).
-77
Let a(n) = n**3 + 28*n**2 + 94*n - 128. Give a(-24).
-80
Let a(h) = h**3 + 7*h**2 - 9*h - 30. Determine a(-5).
65
Let n(t) = 31*t**2 - 52*t - 107. Give n(-2).
121
Let z(y) = 2*y**3 - 104*y**2 - 3*y + 5. Give z(0).
5
Let c(u) = -u**2 + 853*u + 14790. What is c(-17)?
0
Let c(k) = 6*k**2 + 866*k + 281. What is c(-144)?
-7
Let y(v) = -5*v**3 + 66*v**2 - 2*v - 17. Calculate y(13).
126
Let g(r) = -15*r**2 + 35*r + 118. Give g(-3).
-122
Let f(g) = -5*g**3 + 34*g**2 - 7*g + 18. Calculate f(8).
-422
Let k(r) = -28*r + 211. Calculate k(12).
-125
Let h(j) = -j**3 + 33*j**2 + 140*j + 416. Give h(37).
120
Let n(s) = -s**3 - 17*s**2 - 14*s + 38. Determine n(-16).
6
Let p(r) = 69*r - 24. Give p(3).
183
Let g(o) = 7*o**3 - 28*o**2 - 55*o + 5. Determine g(-2).
-53
Let w(d) = 5*d + 78. Determine w(-1).
73
Let a(k) = -236*k**2 + 19*k - 18. Give a(1).
-235
Let t(a) = 59*a - 3270. Determine t(57).
93
Let r(c) = 163*c + 745. Determine r(-7).
-396
Let q(t) = -80*t + 2266. Determine q(29).
-54
Let v(g) = 2765*g + 13804. Give v(-5).
-21
Let q(g) = 10*g + 61. What is q(-7)?
-9
Let n(r) = 13*r**2 - 1101*r + 771. What is n(84)?
15
Let k(w) = 126*w - 3477. Calculate k(28).
51
Let g(d) = 41*d**2 - 46*d + 122. What is g(3)?
353
Let d(h) = 54*h + 1415. Give d(-27).
-43
Let d(v) = -v**3 - 9*v**2 + 194*v + 978. Determine d(-17).
-8
Let t(m) = -2*m**2 + 52*m - 213. Give t(21).
-3
Let k(z) = -8*z - 264. Give k(-30).
-24
Let w(s) = -146*s - 52. Calculate w(-4).
532
Let r(p) = 95*p + 1421. Calculate r(-5).
946
Let o(v) = v**3 + 3*v**2 - 7*v - 22. Determine o(-3).
-1
Let k(q) = -q**2 + 166*q - 1074. Give k(7).
39
Let b(r) = 22*r + 155. Give b(-5).
45
Let j(x) = -322*x - 4524. Determine j(-14).
-16
Let k(x) = -2*x**3 - 25*x**2 - 4*x. Give k(-12).
-96
Let f(b) = 3*b**3 + 22*b**2 - 8*b - 10. Calculate f(-7).
95
Let r(g) = g**2 - 23*g - 107. Calculate r(29).
67
Let u(f) = 2*f**3 + 116*f**2 + 226*f + 157. Determine u(-56).
45
Let r(n) = -n**2 - 618*n + 6284. Give r(10).
4
Let c(i) = 125*i - 1287. Calculate c(10).
-37
Let w(p) = -p**3 - 9*p**2 - 52*p - 222. Give w(-6).
-18
Let p(w) = -7*w + 117. Give p(17).
-2
Let d(c) = -c**3 + 8*c**2 - 11*c - 22. Determine d(10).
-332
Let o(t) = -t**3 + 50*t**2 - 329*t - 92. Determine o(42).
202
Let g(f) = -2*f**3 + 38*f**2 + 40*f - 760. Give g(19).
0
Let u(k) = -5*k**2 - 8*k - 4. What is u(-7)?
-193
Let k(p) = 15*p - 275. Give k(15).
-50
Let n(t) = 2*t**2 + 51. What is n(-6)?
123
Let s(k) = 6*k - 152. Determine s(7).
-110
Let s(u) = 1912*u + 3819. Calculate s(-2).
-5
Let y(h) = -136*h - 947. Determine y(-6).
-131
Let d(x) = 485*x + 3874. What is d(-8)?
-6
Let h(x) = x**3 + 21*x**2 - 3*x - 91. What is h(-21)?
-28
Let x(f) = f**2 - 28*f + 208. Calculate x(25).
133
Let p(z) = 320*z - 30092. Calculate p(94).
-12
Let m(w) = w**3 - 28*w**2 - 67*w - 102. Give m(30).
-312
Let v(n) = 7882*n + 504453. Give v(-64).
5
Let n(l) = -l**3 - 24*l**2 + 80*l - 26. Give n(-27).
1
Let q(u) = -154*u + 1056. Determine q(7).
-22
Let s(q) = 35*q**2 - 386*q + 9. Calculate s(11).
-2
Let q(x) = 60*x - 1612. What is q(23)?
-232
Let n(p) = -p**3 - 32*p**2 - 71*p - 259. Determine n(-30).
71
Let p(z) = -3*z**2 - 120*z + 246. Calculate p(-42).
-6
Let l(v) = 478*v - 4788. What is l(10)?
-8
Let a(z) = z**3 - 246*z**2 + 15106*z + 829. Determine a(119).
-4
Let b(g) = g**3 - 13*g**2 - 5*g + 69. Determine b(13).
4
Let h(o) = -o**2 - 19*o - 1. Determine h(-9).
89
Let d(c) = -7*c**3 + 6*c**2 + 8*c - 51. What is d(4)?
-371
Let n(v) = -v**3 + 64*v**2 + 129*v + 164. What is n(66)?
-34
Let x(c) = 177*c - 1261. Give x(7).
-22
Let u(y) = 450*y + 63441. Determine u(-141).
-9
Let y(s) = -s**3 - s**2 + 11*s + 14. Give y(-5).
59
Let w(x) = 3*x**2 - 17*x - 248. Calculate w(17).
330
Let p(c) = -4*c + 909. Give p(233).
-23
Let y(o) = 26*o + 719. Determine y(-28).
-9
Let h(z) = -z**3 - 11*z**2 - 14*z + 2. Give h(-7).
-96
Let p(r) = 22*r - 10. Give p(-3).
-76
Let j(p) = -464*p + 1864. Determine j(4).
8
Let i(u) = 635*u - 3170. Calculate i(5).
5
Let t(k) = -5*k**2 + 129*k + 322. What is t(29)?
-142
Let k(q) = -12*q**2 + 5*q - 9. Give k(4).
-181
Let y(h) = h**3 - 23*h**2 - 96*h - 97. Calculate y(-2).
-5
Let r(t) = 43*t**2 + 43*t + 90. Give r(0).
90
Let r(k) = -337*k - 10114. Calculate r(-30).
-4
Let x(v) = 566*v - 57732. What is x(102)?
0
Let k(x) = -36*x + 4646. What is k(129)?
2
Let y(x) = 69*x**2 + 9661*x + 182. Give y(-140).
42
Let c(o) = o**2 + 45*o - 165. Determine c(-48).
-21
Let k(p) = -428*p - 429. Give k(-1).
-1
Let m(b) = 42*b**3 + 135*b**2 + 2*b + 5. What is m(-3)?
80
Let h(g) = 2817*g + 5660. What is h(-2)?
26
Let k(s) = -6*s**3 + 6*s**2 + 3*s - 2. Calculate k(-1).
7
Let b(j) = -48*j - 750. Calculate b(-16).
18
Let s(j) = -2*j**3 - 15*j + 17. Calculate s(0).
17
Let y(k) = -45*k + 1614. What is y(36)?
-6
Let q(x) = -53*x - 6. Determine q(-1).
47
Let h(b) = -59*b - 1713. What is h(-29)?
-2
Let v(a) = -24*a + 406. Calculate v(17).
-2
Let p(f) = -f**3 - 48*f**2 - 513*f - 131. Calculate p(-32).
-99
Let t(s) = -856*s + 3409. Determine t(4).
-15
Let p(f) = -47*f - 381. Give p(-9).
42
Let l(f) = -f**2 + 43*f + 158. Give l(-7).
-192
Let m(l) = l**3 - 19*l**2 + 12*l - 196. Give m(18).
-304
Let g(b) = b**2 + 59*b - 72. Calculate g(-58).
-130
Let o(a) = 891*a + 124736. Calculate o(-140).
-4
Let t(s) = -3*s + 262. Give t(45).
127
Let d(r) = -3*r**3 - 28*r**2 - 12*r + 3. Calculate d(-9).
30
Let o(c) = -3*c**3 + 21*c + 27. What is o(-3)?
45
Let j(y) = -4*y + 11. Calculate j(-10).
51
Let l(u) = -u + 19. Calculate l(-6).
25
Let p(r) = r**3 + 51*r**2 - 153*r + 532. Determine p(-54).
46
Let a(v) = v**3 - 27*v**2 + 123*v + 18. What is a(21)?
-45
Let l(y) = -56*y - 1467. Give l(-26).
-11
Let r(u) = -931*u - 17700. Give r(-19).
-11
Let v(k) = 2*k**3 - 30*k**2 + 21*k - 276. Determine v(15).
39
Let h(o) = -349*o + 2059. Give h(5).
314
Let f(u) = 35*u**2 + 27*u + 1. Determine f(-1).
9
Let z(t) = t**2 - 117*t + 3063. Give z(77).
-17
Let n(j) = -11*j**2 + 36*j + 8. Calculate n(4).
-24
Let t(m) = -m**2 - 16*m + 63. Give t(-20).
-17
Let p(h) = 3*h**2 + 176*h + 153. Determine p(-56).
-295
Let o(z) = 2*z**3 - 35*z**2 + 23*z - 57. Give o(17).
45
Let z(r) = -1428*r + 19995. Give z(14).
3
Let h(d) = -d**3 + 4*d**2 - 3*d - 17. Calculate h(-5).
223
Let y(l) = -l**3 + 181*l**2 + 551*l + 185. Determine y(184).
1
Let j(p) = -2*p**2 - 60*p + 766. Determine j(12).
-242
Let g(o) = 6*o**3 - 7*o**2 + 18*o - 19. What is g(4)?
325
Let b(o) = -4*o**2 + 296*o + 19. Calculate b(74).
19
Let r(l) = -3*l**2 - 255*l + 533. Calculate r(-87).
11
Let g(w) = 31*w**2 - 403*w + 5. Give g(13).
5
Let y(w) = -5*w - 42. Determine y(-6).
-12
Let w(i) = 12*i + 101. Give w(-9).
-7
Let g(v) = -v**2 + 846*v - 11647. Determine g(14).
1
Let y(n) = 27223*n - 81671. What is y(3)?
-2
Let c(n) = -4*n - 29. Determine c(-18).
43
Let x(d) = 4*d**2 - 5*d + 1. Determine x(8).
217
Let a(y) = -y**3 + 12*y**2 - 21*y + 78. What is a(11)?
-32
Let v(p) = 5*p**2 - 14*p + 10. Calculate v(3).
13
Let n(l) = -3*l**2 - 32*l - 149. Calculate n(-7).
-72
Let v(g) = 7*g**2 + 189*g - 1102. Calculate v(6).
284
Let f(k) = 4*k + 32. What is f(1)?
36
Let i(h) = 61*h + 110. Calculate i(-2).
-12
Let c(b) = 57*b + 565. Give c(-10).
-5
Let y(d) = -689*d + 7856. Determine y(11).
277
Let c(n) = -2*n**2 - 790*n + 3181. Give c(4).
-11
Let k(h) = -h**3 - 2*h**2 + 2*h + 27. Calculate k(0).
27
Let a(s) = 20*s**2 + 267*s + 120. Determine a(-13).
29
Let k(y) = -18446*y - 129123. Calculate k(-7).
-1
Let d(c) = c**3 + 5*c**2 - 53*c - 471. Determine d(-8).
-239
Let a(c) = -579*c + 51523. Determine a(89).
-8
Let p(z) = -z**2 - 13*z - 64. Give p(-9).
-28
Let g(u) = 2*u**3 + 41*u**2 + 77*u + 51. Give g(-18).
285
Let q(c) = 34*c**2 + 36*c - 118. Give q(3).
296
Let p(h) = -10*h + 89. Calculate p(-7).
159
Let q(i) = -i**3 + 76*i**2 + i - 78. Calculate q(76).
-2
Let v(h) = 3*h**2 - 126*h + 95. Determine v(41).
-28
Let k(o) = 70*o + 6087. Give k(-87).
-3
Let w(t) = 116*t + 3479. Calculate w(-30).
-1
Let u(c) = -c**2 - 116*c + 6432. Determine u(41).
-5
Let u(v) = 10*v**2 + 133*v - 22. Give u(-13).
-61
Let s(l) = -586*l - 15211. What is s(-26)?
25
Let f(z) = z**2 + 60*z + 620. What is f(-12)?
44
Let 